- j/10?
9
Let z = 11 + -7. Suppose -3*o - 4*d = d - 29, 5*d - 14 = 2*o. Suppose z*h - k - 36 = 0, -h + o*k = -6*h + 28. What is the units digit of h?
8
Suppose -2 = -h, 5*h - 65 = -4*k + 505. What is the hundreds digit of k?
1
Suppose 156*c - 154*c = 326. What is the hundreds digit of c?
1
Let v(z) = -z**3 + 4*z**2 + 5*z + 6. Let j be v(5). Let l be (9/j)/(3/6). Suppose -4*w = -17 - l. What is the units digit of w?
5
Let l = 4 - 1. Suppose 5*i - 12 = l. Suppose i*d - 15 = 4*w, -w - w - 7 = -d. What is the units digit of d?
1
Let p = -16 - -63. Let o be p/(-9) - (-12)/54. Let s = o + 11. What is the units digit of s?
6
Let t be 2/(-4) + 136/(-16). Let j(s) = -s**2 + s - 2. Let y be j(0). Let f = y - t. What is the units digit of f?
7
Suppose -18*r + 14*r + 24 = 0. What is the units digit of 3/r*(95 + -1)?
7
Suppose b - 2*a = 123, 2*a = -b - 2*b + 337. What is the tens digit of b?
1
Suppose 0 = 5*j + 24 - 9, -3*j + 179 = 4*p. What is the tens digit of p?
4
Suppose -c + 12 = 5*y, 3*y + 2 = -4*c - 1. Suppose 7*a - 5 = 2*a - 2*l, -14 = -y*a + l. What is the units digit of a?
3
Suppose 2*j + 1502 = -c, -3*c + 2*j - 1549 = 2949. Let l be c/52 - 4/26. Let f = -18 - l. What is the tens digit of f?
1
Let l(k) = -56*k**3 + k**2 - 3*k - 3. What is the tens digit of l(-1)?
5
Suppose -a - 2 + 3 = 0. Let l = 17 - 11. What is the units digit of a/(1 - l/7)?
7
Let n = 2 - 0. Suppose 2*r - 2*p - 6 = -n, 3*p - 8 = -4*r. Suppose -r*y = 4*u - 6, 0*y = -u + 4*y + 6. What is the units digit of u?
2
Suppose -t + 22 + 59 = 0. Let k = t - 57. What is the units digit of k?
4
What is the units digit of (-4)/14 + (-430)/(-35)?
2
Let i(h) = -2*h + 1. Suppose 0 = -4*q + q + 12. Suppose -4*a - 31 = 5*z, 0 = -q*a + a - 3*z - 21. What is the units digit of i(a)?
9
Suppose 3*t = -0*t - 9, -3*l + 4*t + 90 = 0. What is the units digit of l?
6
Suppose 4*v - 5*v + 21 = 0. Suppose -v = -4*x - r, 2*r + 15 = 2*x + r. What is the units digit of (2/x)/(2/30)?
5
Let g(w) = -w + 1. Let f(n) = -12*n - 2. Let o(p) = f(p) - 10*g(p). What is the units digit of o(-10)?
8
Let q(n) = 3*n**2 - 4*n - 4. What is the units digit of q(5)?
1
Suppose -y = y - 8. Let q(l) = l**3 - 3*l**2 + 2*l - 6. Let c be q(y). What is the units digit of 34/12 + 3/c?
3
What is the tens digit of ((-6)/(-15))/(1/245)?
9
Suppose 44 = 7*n - 26. What is the tens digit of n?
1
Let t(a) = a - 5. Let n be t(4). Let d(z) = -z - 1. Let c be d(n). Suppose 0*u - 5*u + 15 = c. What is the units digit of u?
3
Suppose 7 = -z - 3*z + j, -j = 3*z + 7. What is the units digit of (0 - (-2)/z) + 13?
2
Let p(g) = 2*g**2 - g + 1. Let v be p(1). Suppose -y + v = -7. What is the units digit of (y/(-12))/((-2)/16)?
6
Suppose 5*f + 4*g - 1 = -2, 2*f + 2 = -2*g. Suppose 2*t - 8 = -3*m, -2*m - f*t + 1 = -1. What is the units digit of m?
4
Suppose -n = 2*n + 33. Let g(r) = -r - 5. What is the units digit of g(n)?
6
Let u(x) = -x**3 + 0 + 3*x - x**2 + 7*x**2 - 7 - 2. What is the units digit of u(6)?
9
Let h(q) be the second derivative of -q**5/20 + 7*q**4/12 + 4*q**2 - 3*q. What is the units digit of h(7)?
8
Suppose 9*v - 27 - 27 = 0. What is the units digit of v?
6
What is the units digit of (2 + -3)/(7/(-21))?
3
Let w(q) = -q**2 - 4*q + 1. Let j be w(-4). Let y(c) = -3*c - 1 + 6*c**3 - 18*c**2 + 19*c**2 + 4*c. What is the units digit of y(j)?
7
Let s be (-3)/(-6) - (-6)/(-4). Let r = s - -6. What is the units digit of r?
5
Let q(p) = 10*p - 1. What is the units digit of q(1)?
9
Let u(s) = -s. Let y(g) = -g + 1. Let o(z) = -2*u(z) + 3*y(z). What is the units digit of o(0)?
3
Let n be (-75)/9 - (-2)/(-3). What is the units digit of (33/n)/((-1)/3)?
1
Suppose -2*f - y + 0*y - 6 = 0, f = -2*y. Let b = 36 - 21. Let t = f + b. What is the units digit of t?
1
Suppose -2*q + 251 = 47. What is the units digit of q?
2
Let n(j) = 22*j + 1. Let y be n(-1). Let k = 23 + -36. Let w = k - y. What is the units digit of w?
8
Suppose -5 = -2*p + 13. Let c = p + -6. What is the units digit of c?
3
Let b(d) = d**3 + 17*d**2 - 28*d + 29. What is the units digit of b(-18)?
9
Suppose -528 + 267 = -3*t. What is the units digit of t?
7
Suppose 5*i = -o + 53, 0*i = o - 2*i - 46. What is the tens digit of o?
4
Suppose -78 = 13*p - 16*p. What is the tens digit of p?
2
Let a(s) = -s**2 + 5*s - 3. What is the units digit of a(4)?
1
Suppose -7*z - 9 = 3*w - 2*z, 2*z + 2 = -2*w. Suppose w*l + 2*l = 2*d - 14, 2 = -2*l. Suppose -2*f = -f + 3, 3*c - d*f - 36 = 0. What is the units digit of c?
7
Let n(a) = -3*a**3 + 4*a**2 + 4*a + 2. What is the units digit of n(-2)?
4
Let u(t) = t**2 + 3*t - 10. Let y be u(-8). Suppose 0 - y = -3*s. Suppose -s = -h + 2. What is the units digit of h?
2
Suppose 0 = -4*d - 4*p + 348, 0*d + d - 75 = 5*p. What is the units digit of d?
5
Let j(m) = -m**2 - 6*m + 4. Let r = 6 + -5. Let b(f) = -6*f**3 - f**2 + 2*f - 1. Let p be b(r). What is the units digit of j(p)?
4
Let t(c) be the third derivative of -c**4/12 - c**3/2 + c**2. Let f = -15 - -7. What is the units digit of t(f)?
3
Let q(a) be the third derivative of a**6/120 - 7*a**5/60 + a**4/4 + a**3/3 + 2*a**2. Let j be q(6). Suppose 3*z = j*z + 7. What is the units digit of z?
7
Let b(s) = 13*s - 10. What is the tens digit of b(4)?
4
Suppose 3*j - 90 = -5*p, -35 = 2*p - 4*p - j. Suppose -5*a + p = -0*a. Suppose -4*t + y + 5 = -a*t, t - 11 = 4*y. What is the units digit of t?
3
Suppose -6 - 6 = -4*b. Suppose b*s + 4*a - 13 = -4, -4*a = 5*s - 15. What is the units digit of s?
3
Let s be (-26)/(-8) + 2/(-8). Suppose 0 = -u + s, 9*p - u = 4*p + 87. Suppose 0*d - 3*d + 2*q + p = 0, 0 = d + q - 11. What is the units digit of d?
8
Suppose 4*o + 18 = -5*y, 0*o = -4*o - y - 26. Let f(z) = -z - 4. Let a be f(o). Suppose q = 6 + a. What is the units digit of q?
9
Let d(t) = t**3 + t + 83. What is the tens digit of d(0)?
8
Let o(k) = 8*k**2 + 4*k + 2. What is the tens digit of o(-2)?
2
Let h = -5 - -4. Let c be (h + 2/3)*-6. Let z = c + 1. What is the units digit of z?
3
Let r = -8 + 18. What is the tens digit of r?
1
Suppose 24 = j + 2*j. Let a(l) = 5*l + 6. What is the tens digit of a(j)?
4
Let k be (-10)/(-4)*(-5 - -17). Suppose -5*m = -5*z + k, 6 = -3*z - 5*m + 40. What is the units digit of z?
8
Suppose 11 = 3*n + 4*x, 8 = -2*n + 3*x + 2*x. Let l(z) be the second derivative of 11*z**3/6 + 2*z. What is the tens digit of l(n)?
1
Suppose -5*w + 14 = -2*w + 4*n, 5*n + 70 = 5*w. Suppose -2*c + k + 0 = 2, 2*k = -2*c + w. Suppose 4 = y - c. What is the units digit of y?
5
What is the hundreds digit of (-3)/(-10)*722 + (-64)/(-160)?
2
Suppose -3*j + 21 = r, 5*j - r - 21 = 2*j. Suppose 3*o = j*o - 160. What is the units digit of o?
0
Suppose -5*m - 11 = -2*m + v, -3*m + 4*v + 14 = 0. What is the units digit of (m/6)/(1/(-33))?
1
Let l be 1 - 0 - (-1 + 2). Suppose l*s - s = -7. What is the units digit of s?
7
Let u be -3*(12/9 - 3). Suppose -4*s + w - 4*w = -138, 2*s = -u*w + 76. What is the units digit of s?
3
Let i(a) = a**3 + 11*a**2 - a - 7. Let b be i(-11). Suppose -44 = -4*y + 4*j + 24, 73 = b*y + j. What is the units digit of y?
8
Let d(p) = -58*p + 8. What is the units digit of d(-3)?
2
Suppose -5*a + 230 = -210. What is the tens digit of a?
8
Let c(y) be the first derivative of -y**3/3 - 7*y**2/2 - 3*y + 2. What is the units digit of c(-4)?
9
Let q be 3*((-40)/(-12) - 3). Let a = 5 - q. What is the units digit of a?
4
What is the tens digit of -285*(-5 - 39/(-9))?
9
Suppose 4*h - 2*h + 3*p = 192, p + 101 = h. What is the units digit of h?
9
Let a(b) = 4*b**3 + 7*b**2 + b - 6. Let x(t) = -1 + 3*t**3 - 4*t**2 + t - 4 + 0 + 10*t**2. Let k(d) = 6*a(d) - 7*x(d). What is the tens digit of k(2)?
2
Let q(x) = x**2 - x - 1. Let l(a) = -a**3 + 12*a**2 - 12*a - 8. Let i(m) = l(m) - 3*q(m). Let t be i(7). Let v = 44 - t. What is the tens digit of v?
1
Suppose -5*y - 4*b + 147 = 0, 5*b + 33 = y + 4*b. Suppose -5*z = -y - 84. What is the tens digit of z?
2
Let r = 18 + -16. What is the units digit of ((-8)/12)/(r/(-9))?
3
Let b(d) = 3*d**2 + 12*d - 5. Let c(o) = o**2 + 6*o - 2. Let q(p) = -2*b(p) + 5*c(p). What is the units digit of q(5)?
5
Let r = 2 + 1. What is the units digit of r + -4 + -1 + 4?
2
Suppose -825 = -6*x + 171. What is the tens digit of x?
6
Let j(y) = -4*y - y**3 - 4*y - 13*y**2 - 6*y - y**2 - 9. Wha